 + 1?
102450566
In base 4, what is -12322 - 110211333?
-110230321
In base 11, what is 224019 + 37?
224055
In base 6, what is -1111341245 - 3?
-1111341252
In base 15, what is -5d9 - 756?
-d40
In base 14, what is -593 - 16884?
-17037
In base 8, what is 213 - 364736?
-364523
In base 16, what is -c3f7 + 8d?
-c36a
In base 12, what is 2 + -5b71240?
-5b7123a
In base 12, what is -214 + -104?
-318
In base 2, what is -1000110 + -10010110111011011101?
-10010110111100100011
In base 8, what is 1010115214 + 2?
1010115216
In base 11, what is 722599032 + -5?
722599028
In base 14, what is 2319b32 - 5?
2319b2b
In base 9, what is 2 - -13525116?
13525118
In base 14, what is -2 - 5121a?
-5121c
In base 3, what is 122220021220 + -11201?
122220010012
In base 4, what is -11 - 23302301013?
-23302301030
In base 13, what is -13c30a3 - 4?
-13c30a7
In base 3, what is -101 - -11011012121100?
11011012120222
In base 11, what is -74307 - -122?
-74195
In base 6, what is 34420 - 31025?
3351
In base 9, what is -1158 - -1462?
303
In base 2, what is 1011001111001100011000110 + 1000000?
1011001111001100100000110
In base 15, what is -1 + -2ab01d?
-2ab01e
In base 14, what is -18b1c23 + -4?
-18b1c27
In base 13, what is -8b + -1a831?
-1a8bc
In base 13, what is -c + -2b1b12?
-2b1b21
In base 2, what is -101100011010010100110 + -100000?
-101100011010011000110
In base 14, what is -227 + -2007d?
-202a6
In base 13, what is -91c79a4 - -2?
-91c79a2
In base 6, what is 245352 + 2?
245354
In base 12, what is -32b - -123b0?
12081
In base 16, what is -36f - 29625?
-29994
In base 14, what is -5 - -269c990?
269c989
In base 10, what is -1463237 - -10?
-1463227
In base 8, what is 1303 - -3720?
5223
In base 6, what is -530122404 - -1?
-530122403
In base 4, what is -202 + -33322232?
-33323100
In base 6, what is 114 + -2455412?
-2455254
In base 8, what is 76711103 - -5?
76711110
In base 14, what is -c8 - 15b0dd?
-15b1c7
In base 15, what is -37a4b28a - -5?
-37a4b285
In base 4, what is 2111223333311 - 11?
2111223333300
In base 11, what is 0 + 1791317?
1791317
In base 13, what is 29 + -14b7c3?
-14b797
In base 8, what is -4 - -32374370?
32374364
In base 5, what is 20 + -102240230?
-102240210
In base 8, what is -226423 + -35?
-226460
In base 13, what is 2 + 3c234b?
3c2350
In base 3, what is 12 - -2220000210211111?
2220000210211200
In base 3, what is 12200000210002200 + -110?
12200000210002020
In base 14, what is -944 - -8b72?
822c
In base 11, what is 2532 - -364?
2896
In base 2, what is 11 + -10011001001100000110000?
-10011001001100000101101
In base 12, what is -439bb2 + 72?
-439b40
In base 3, what is 11000220021102 - 101?
11000220021001
In base 15, what is -1c5 + 4a7a?
48a5
In base 7, what is -25625521412 - -5?
-25625521404
In base 11, what is -1 + -357862?
-357863
In base 14, what is 25d + 6b71?
6dd0
In base 14, what is 9d07 + -1a67?
8280
In base 8, what is -2257 + -57752?
-62231
In base 5, what is 301 + 23431104?
23431410
In base 9, what is 1804256 - -518?
1804775
In base 13, what is -3650 - 8207?
-b857
In base 14, what is 6d1c - -398?
72b6
In base 12, what is -4970b89a - -2?
-4970b898
In base 12, what is -9774 + -73?
-9827
In base 9, what is 45216545 - 0?
45216545
In base 16, what is -1ca25 + -b?
-1ca30
In base 11, what is 4 + 127990a?
1279913
In base 11, what is 524 - 15390?
-14967
In base 12, what is a61a3 - -26?
a6209
In base 14, what is 0 - 12372c75?
-12372c75
In base 16, what is b - -8c0632f?
8c0633a
In base 14, what is 289 - -b033?
b2bc
In base 6, what is -22 - -1003332322?
1003332300
In base 4, what is -2023131230022 + 3?
-2023131230013
In base 10, what is -31 + -16354776?
-16354807
In base 10, what is -380 - 14828?
-15208
In base 11, what is -18 - -1495?
1478
In base 2, what is -11011110101 + 10110011010010101?
10101111110100000
In base 10, what is 4801 - 2722?
2079
In base 13, what is -36231 - 8?
-36239
In base 10, what is -68 + -1396030?
-1396098
In base 6, what is 13353112 + 5?
13353121
In base 5, what is 330324 - -1334301?
2220130
In base 13, what is -17670b + 205?
-176506
In base 13, what is 3686 - 14491?
-10b08
In base 8, what is -14 + -47603326?
-47603342
In base 13, what is 7c738c2 + 0?
7c738c2
In base 2, what is 110000 - -1001100011011000010?
1001100011011110010
In base 9, what is -258554 + -304?
-258858
In base 11, what is -25a31330 + 5?
-25a31326
In base 2, what is 100001101110001001100 - 10001?
100001101110000111011
In base 9, what is 8 + 2135152?
2135161
In base 7, what is 3 - -206605163?
206605166
In base 5, what is 301444 + 4210?
311204
In base 10, what is 45470 - -317?
45787
In base 11, what is 5 - 53000533?
-53000529
In base 14, what is -543477a - 3?
-543477d
In base 7, what is -2144 + -13455?
-15632
In base 9, what is 3 + -24267106?
-24267103
In base 16, what is 2 + df06c4?
df06c6
In base 3, what is -1022111 + 120022222?
112000111
In base 9, what is 3 - -2748280?
2748283
In base 4, what is 3130 - -21330310?
22000100
In base 14, what is 9c2 + 10d3?
1ab5
In base 5, what is 300421 - -3314?
304240
In base 15, what is -25b105 + 6?
-25b0ee
In base 3, what is -11011 - 201002211012?
-201002222100
In base 11, what is a5 + -7005?
-6a10
In base 11, what is -55154 - 1696?
-5683a
In base 2, what is -11110111100010101100011110 + 1?
-11110111100010101100011101
In base 8, what is 56025154 - 4?
56025150
In base 12, what is 13463199 - 4?
13463195
In base 15, what is 2c08 - -2904?
560c
In base 3, what is -120021212112 - 210?
-120021220022
In base 7, what is -51 + 6546042?
6545661
In base 14, what is -9 + -d00532?
-d0053b
In base 15, what is 1ae9c837 - 2?
1ae9c835
In base 3, what is 1111 - 1111110022212?
-1111110021101
In base 3, what is 22001202022101 + -1?
22001202022100
In base 4, what is 31211 + 1020321131?
1021013002
In base 13, what is 261b + -4751b?
-44c00
In base 13, what is -5 - -504c5bb?
504c5b6
In base 4, what is -121030203202 + 10302?
-121030132300
In base 10, what is -6 + -53152269?
-53152275
In base 11, what is -1a694 + -3437?
-23020
In base 5, what is -31 + -4410144?
-4410230
In base 7, what is -21402166 + -5?
-21402204
In base 3, what is -10001202122 - 111?
-10001210010
In base 13, what is 68acba - 1?
68acb9
In base 5, what is 222320341 + 12?
222320403
In base 5, what is 123410102 - 200?
123404402
In base 7, what is 1 - -2344142454?
2344142455
In base 8, what is 0 - 160507344?
-160507344
In base 15, what is -134 + -6c?
-1a1
In base 10, what is -304 - -531423?
531119
In base 13, what is b + 791c2?
79200
In base 3, what is -1 + -22121002002200221?
-22121002002200222
In base 14, what is -7 + 119a44?
119a3b
In base 14, what is 6a7 + 7917?
81c0
In base 8, what is 270322 - 614?
267506
In base 16, what is 1 - 36d3fd8?
-36d3fd7
In base 12, what is 4567a471 - 6?
4567a467
In base 7, what is 3226 + -120225?
-113666
In base 11, what is 24 + 382a42?
382a66
In base 13, what is -43 + -2957b?
-295c1
In base 2, what is -100000010100110100111001010 + -100?
-100000010100110100111001110
In base 3, what is -101021002 - 2122011222?
-10000110001
In base 10, what is -2 + 1538649?
1538647
In base 2, what is -110011000010101010001 - 11001010?
-110011000011000011011
In base 5, what is -443302 + 1224133?
230331
In base 16, what is -99 + 1379e?
13705
In base 2, what is 1001111011000000010001 + -10001?
1001111011000000000000
In base 13, what is -7c8156 - -34?
-7c8122
In base 14, what is 183b + 33370?
34bab
In base 16, what is -3b - 13cb?
-1406
In base 12, what is -618 + -5443b?
-54a57
In base 7, what is 104 - 1540645?
-1540541
In base 8, what is 21 - 27676351?
-27676330
In base 13, what is -ba - 105844?
-105931
In base 6, what is -3504305 + -4?
-3504313
In base 10, what is 1025 + 13108?
14133
In base 12, what is -5 - -57a6095b?
57a60956
In base 11, what is 9500896 + 4?
950089a
In base 11, what is -7 - -1599106?
15990aa
In base 8, what is -42137 - 3606?
-45745
In base 7, what is -11 + 10614000?
10613656
In base 13, what is -21b708b - 14?
-21b70a2
In base 2, what is -10010010101000000010 - -111100111?
-10010010100000011011
In base 12, what is -5 - 1a9ba80?
-1a9ba85
In base 5, what is -342 + 10240430002?
10240424110
In base 9, what is -316043 - -4145?
-311787
In base 12, what is -2060 + 45b7a?
43b1a
In base 10, what is 204 - -1076828?
1077032
In base 8, what is 1157367 - 363?
1157004
In base 8, what is -4 + -1331